{"id":31,"date":"2012-11-03T14:44:17","date_gmt":"2012-11-03T13:44:17","guid":{"rendered":"http:\/\/academicrightswatch.se\/?page_id=31"},"modified":"2023-01-04T15:56:15","modified_gmt":"2023-01-04T14:56:15","slug":"lagar-och-regler","status":"publish","type":"page","link":"https:\/\/academicrightswatch.se\/?page_id=31","title":{"rendered":"Lagar och v\u00e4rdegrund"},"content":{"rendered":"<h1 style=\"text-align: left;\">Lagar som styr h\u00f6gskolan<\/h1>\n<p style=\"text-align: left;\">Verksamheten vid landets statliga h\u00f6gskolor styrs av ett flertal internationella och nationella konventioner och lagar och f\u00f6rordningar.<\/p>\n<h2>Europakonventionen<\/h2>\n<p>N\u00e4r det g\u00e4ller grundl\u00e4ggande fri- och r\u00e4ttigheter \u00e4r\u00a0\u00a0<a title=\"Europakonventionen\" href=\"https:\/\/www.echr.coe.int\/documents\/convention_swe.pdf\" target=\"_blank\" rel=\"noopener noreferrer\">Europeiska konventionen om skydd f\u00f6r de m\u00e4nskliga r\u00e4ttigheterna och de grundl\u00e4ggande friheterna (EKMR)<\/a>\u00a0det mest \u00f6verordnade regelverket dels genom att den inkorporerats som lag \u00a0(1994:1219), dels\u00a0 genom att den f\u00e5tt konstitutionell status genom inf\u00f6randet av\u00a0\u00a02 kap. 19 \u00a7 i Regeringsformen d\u00e4r det framg\u00e5r att lag eller annan f\u00f6reskrift inte f\u00e5r &#8221;meddelas i strid med Sveriges \u00e5taganden p\u00e5 grund av den europeiska konventionen ang\u00e5ende skydd f\u00f6r de m\u00e4nskliga r\u00e4ttigheterna och de grundl\u00e4ggande friheterna&#8221;. I Europakonventionen stadgas bl.a.\u00a0envars\u00a0r\u00e4tt\u00a0till<\/p>\n<ul>\n<li>liv<\/li>\n<li>personlig frihet<\/li>\n<li>domstolspr\u00f6vning\u00a0och\u00a0r\u00e4ttss\u00e4kerhet<\/li>\n<li>skydd f\u00f6r privat- och hemlivet, hem och korrespondens<\/li>\n<li>tankefrihet,\u00a0samvetsfrihet\u00a0och\u00a0religionsfrihet<\/li>\n<li>f\u00f6rsamlings- och f\u00f6reningsfrihet<\/li>\n<li>att ing\u00e5\u00a0\u00e4ktenskap\u00a0och bilda familj<\/li>\n<li>f\u00f6ra talan mot kr\u00e4nkningar av friheter och r\u00e4ttigheter<\/li>\n<\/ul>\n<h2>Regeringsformen<\/h2>\n<p><a title=\"Regeringsformen\" href=\"http:\/\/www.riksdagen.se\/sv\/Dokument-Lagar\/Lagar\/Svenskforfattningssamling\/Kungorelse-1974152-om-beslu_sfs-1974-152\/\" target=\"_blank\" rel=\"noopener noreferrer\">Regeringsformen<\/a> \u00e4r den mest grundl\u00e4ggande av Sveriges grundlagar. I 2 kap. \u00e5terfinns en katalog \u00f6ver grundl\u00e4ggande medborgerliga fri- och r\u00e4ttigheter som,<\/p>\n<ul>\n<li id=\"K2P1S1N1\">\u00a0yttrandefrihet: frihet att i tal, skrift eller bild eller p\u00e5 annat s\u00e4tt meddela upplysningar samt uttrycka tankar, \u00e5sikter och k\u00e4nslor,<\/li>\n<li id=\"K2P1S1N1\">\u00a0informationsfrihet: frihet att inh\u00e4mta och ta emot upplysningar samt att i \u00f6vrigt ta del av andras yttranden,<\/li>\n<li id=\"K2P1S1N3\">m\u00f6tesfrihet: frihet att anordna och delta i sammankomster f\u00f6r upplysning, meningsyttring eller annat liknande syfte eller f\u00f6r framf\u00f6rande av konstn\u00e4rligt verk,<\/li>\n<li id=\"K2P1S1N4\">demonstrationsfrihet: frihet att anordna och delta i demonstrationer p\u00e5 allm\u00e4n plats,<\/li>\n<li id=\"K2P1S1N5\">f\u00f6reningsfrihet: frihet att sammansluta sig med andra f\u00f6r allm\u00e4nna eller enskilda syften, och<\/li>\n<li id=\"K2P1S1N6\">religionsfrihet: frihet att ensam eller tillsammans med andra ut\u00f6va sin religion.<\/li>\n<\/ul>\n<h2>Yttrandefrihetsgrundlagen och tryckfrihetsf\u00f6rordningen<\/h2>\n<p>Yttrandefriheten i vid mening regleras ocks\u00e5 i tv\u00e5 andra grundlagar, som mer specifikt r\u00f6r r\u00e4tten att uttrycka\u00a0\u00e5sikter, tankar och k\u00e4nslor i radio, tv, videogram, ljudupptagningar och andra slagsupptagningar (yttrandefrihetslagen), och utgivet tryckt material s\u00e5som b\u00f6cker, tidningar och tidskrifter och i vissa fall material p\u00e5 webbsidor (tryckfrihetf\u00f6rordningen). I tryckfrihetsf\u00f6rordningen (1 kap. 3 \u00a7) \u00e5terfinns dessutom den s.k. meddelarfriheten, dvs. r\u00e4tten f\u00f6r den enskilde att (\u00e4ven anonymt) \u00a0l\u00e4mna upplysningar till media och f\u00f6rfattare. Myndigheter har inte r\u00e4tt att efterforska vem som l\u00e4mnat s\u00e5dana uppgifter och f\u00e5r inte heller uts\u00e4tta n\u00e5gon f\u00f6r repressalier som har l\u00e4mnat uppgifter avsedda att tryckas\u00a0(se 3 kap. 4 \u00a7 ). De enda begr\u00e4nsningar i dessa r\u00e4ttigheter som f\u00e5r g\u00f6ras \u00e4r s\u00e5dana som <a title=\"Wiki\" href=\"http:\/\/sv.wikipedia.org\/wiki\/Yttrandefrihetsbrott\" target=\"_blank\" rel=\"noopener noreferrer\">regleras i lag<\/a>, till exempel, h\u00f6gf\u00f6rr\u00e4deri, hets mot folkgrupp, f\u00f6rtal och f\u00f6rol\u00e4mpning.<\/p>\n<h2>H\u00f6gskolelagen och h\u00f6gskolef\u00f6rordningen<\/h2>\n<p>De regelverk som mer specifikt styr verksamheten vid de statliga h\u00f6gskolorna \u00e4r <a title=\"H\u00f6gskolelagen\" href=\"https:\/\/www.riksdagen.se\/sv\/dokument-lagar\/dokument\/svensk-forfattningssamling\/hogskolelag-19921434_sfs-1992-1434\" target=\"_blank\" rel=\"noopener noreferrer\">h\u00f6gskolelagen<\/a> och <a title=\"H\u00f6hskolef\u00f6rordningen\" href=\"https:\/\/www.riksdagen.se\/sv\/dokument-lagar\/dokument\/svensk-forfattningssamling\/hogskoleforordning-1993100_sfs-1993-100\" target=\"_blank\" rel=\"noopener noreferrer\">h\u00f6gskolef\u00f6rordningen<\/a>. I h\u00f6gskolelagen 1 kap. 2 \u00a7 framg\u00e5r bl.a. att h\u00f6gskolorna ska bedriva\u00a0utbildning som vilar p\u00e5 &#8221;vetenskaplig eller konstn\u00e4rlig grund samt p\u00e5 bepr\u00f6vad erfarenhet&#8221;. Vidare i 3 \u00a7 att &#8221;vetenskapens trov\u00e4rdighet och god forskningssed v\u00e4rnas&#8221;. Sedan 2021 finns ocks\u00e5 en s\u00e4rskild lag om akademisk frihet som f\u00f6reskriver att det i\u00a0h\u00f6gskolornas verksamhet som allm\u00e4n princip ska g\u00e4lla att &#8221;den akademiska friheten ska fr\u00e4mjas och v\u00e4rnas&#8221;, samt att att\u00a0forskningsproblem f\u00e5r v\u00e4ljas\u00a0fritt, att forskningsmetoder f\u00e5r utvecklas fritt samt att forskningsresultat f\u00e5r publiceras fritt.\u00a0(1 kap. 6 \u00a7)<\/p>\n<p>I h\u00f6gskolef\u00f6rordningen, som kan betraktas som ett till\u00e4gg till h\u00f6gskolelagen, regleras exempelvis h\u00f6gskolans ansvar f\u00f6r studenternas studiesociala milj\u00f6, r\u00e4tt till h\u00e4lsov\u00e5rd (1 kap. 11 \u00a7) och r\u00e4tten att disponera h\u00f6gskolans lokaler f\u00f6r m\u00f6ten om s\u00e5dana anordnas f\u00f6r &#8221;upplysning, meningsyttring eller annat liknande syfte&#8221; (1 kap. 13 \u00a7). Vidare \u00e5terfinns best\u00e4mmelser om grunderna f\u00f6r anst\u00e4llning som professor och lektor (4 kap.). I h\u00f6gskolef\u00f6rordningen finns ocks\u00e5 best\u00e4mmelser om g\u00e4stprofessorer och andra tidsbegr\u00e4nsade anst\u00e4llningar, vad som g\u00e4ller f\u00f6r utbildningen generellt och f\u00f6r utf\u00e4rdandet av examina.<\/p>\n<h2>F\u00f6rvaltningslagen<\/h2>\n<p>I <a title=\"F\u00f6rvaltningslagen\" href=\"http:\/\/www.riksdagen.se\/sv\/Dokument-Lagar\/Lagar\/Svenskforfattningssamling\/Forvaltningslag-1986223_sfs-1986-223\/\" target=\"_blank\" rel=\"noopener noreferrer\">f\u00f6rvaltningslagen<\/a> regleras verksamheten vid de s.k. f\u00f6rvaltningsmyndigheterna, till vilka de statliga h\u00f6gskolorna h\u00f6r. De f\u00f6r universiteten mest relevanta avsnitten omfattar best\u00e4mmelser om j\u00e4v, r\u00e4tten f\u00f6r ledam\u00f6ter i styrelser och n\u00e4mnder (exempelvis l\u00e4rarf\u00f6rslagsn\u00e4mnder och institutionsstyrelser) \u00a0att reservera sig mot beslut, samt regler f\u00f6r hur man \u00f6verklagar ett myndighetsbeslut, som kan \u00f6verklagas och som g\u00e5tt den enskilde emot (exempelvis anst\u00e4llnings\u00e4renden som \u00f6verklagas hos <a title=\"\u00d6KN\" href=\"https:\/\/www.onh.se\" target=\"_blank\" rel=\"noopener noreferrer\">\u00d6verklaganden\u00e4mnden f\u00f6r h\u00f6gskolan<\/a>).<\/p>\n<h2>Lagen om offentlig anst\u00e4llning \u2013 anst\u00e4llningsf\u00f6rordningen<\/h2>\n<p>De best\u00e4mmelser som mer specifikt anst\u00e4llningsf\u00f6rh\u00e5llanden vid de statliga h\u00f6gskolorna \u00e5terfinns i<a title=\"Lagen om offentlig anst\u00e4llning\" href=\"http:\/\/www.riksdagen.se\/sv\/Dokument-Lagar\/Lagar\/Svenskforfattningssamling\/Lag-1994260-om-offentlig-an_sfs-1994-260\/\" target=\"_blank\" rel=\"noopener noreferrer\"> lagen om offentlig anst\u00e4llning<\/a>. H\u00e4r finns bl.a. best\u00e4mmelser om bisysslor (7 \u00a7), samt den viktiga best\u00e4mmelsen om vilka bed\u00f6mningsgrunder som ska g\u00e4lla f\u00f6r offentlig anst\u00e4llning, n\u00e4mligen sakliga grunder som f\u00f6rtj\u00e4nst och skicklighet d\u00e4r &#8221;skickligheten ska s\u00e4ttas fr\u00e4mst om det inte finns s\u00e4rskilda sk\u00e4l f\u00f6r n\u00e5got annat&#8221; (4 \u00a7).<\/p>\n<p>Mer detaljerade best\u00e4mmelser som reglerar anst\u00e4llningsf\u00f6rh\u00e5llandet finns emellertid i <a title=\"Anst\u00e4llningsf\u00f6rordningen\" href=\"http:\/\/www.riksdagen.se\/sv\/Dokument-Lagar\/Lagar\/Svenskforfattningssamling\/Anstallningsforordning-19943_sfs-1994-373\/\" target=\"_blank\" rel=\"noopener noreferrer\">anst\u00e4llningsf\u00f6rordningen<\/a>. H\u00e4r stadgas exempelvis att en myndighet som \u00f6nskar anst\u00e4lla en arbetstagare i normalfallet ska informera om den lediga anst\u00e4llningen s\u00e5 att &#8221;de som \u00e4r intresserade av anst\u00e4llningen kan anm\u00e4la det till myndigheten inom en viss tid&#8221; (6 \u00a7). Om en h\u00f6gskola, utan utlysning, anst\u00e4ller personal f\u00f6r l\u00e4ngre perioder, eller omf\u00f6rordnar personal under flera p\u00e5 varandra f\u00f6ljande sexm\u00e5nadersperioder (n\u00e5got som \u00e4r mycket vanligt vid landets h\u00f6gskolor), s\u00e5 \u00e4r det ett beslut som kan \u00f6verklagas med st\u00f6d i f\u00f6rvaltningslagen (se ovan).<\/p>\n<h2>Den lokala anst\u00e4llningsordningen<\/h2>\n<p>Anst\u00e4llningsordningen, som ska finnas p\u00e5 varje statlig h\u00f6gskola, kan s\u00e4gas vara den lokala till\u00e4mpningen av det \u00f6vergripande regelverk som styr statliga anst\u00e4llningar och som, f\u00f6r h\u00f6gskolans del, finns reglerat i h\u00f6gskolef\u00f6rordningen. Dessa lokala regler kan sj\u00e4lvfallet inte st\u00e5 i strid med f\u00f6rordningarna i exemplevis h\u00f6gskolef\u00f6rordningen eller lagen om offentlig anst\u00e4llning men ger mer detaljerade f\u00f6reskrifter om de mer allm\u00e4nt h\u00e5llna f\u00f6reskrifterna om exempelvis beh\u00f6righetsgrunder f\u00f6r olika anst\u00e4llningar. Det \u00e4r emellertid inte ovanligt att h\u00f6gskolor bryter mot sina egna anst\u00e4llningsordningar (och d\u00e4rigenom den g\u00e4llande lagstiftningen) genom att exempelvis inte utlysa tj\u00e4nster som ska ha utlysts. Den som avser att s\u00f6ka en anst\u00e4llning vid en h\u00f6gskola, eller som vill \u00f6verklaga ett anst\u00e4llningsbeslut, g\u00f6r klokt i att noga studera den aktuella anst\u00e4llningsordningen.<\/p>\n<p>Exempel p\u00e5 anst\u00e4llningsordningar finns h\u00e4r:<\/p>\n<p><a title=\"AO G\u00f6teborg\" href=\"https:\/\/medarbetarportalen.gu.se\/digitalAssets\/1784\/1784550_anstallningsordning-fo--r-larare-vid-gu---2020-12-07---gu-2020-3077.pdf\" target=\"_blank\" rel=\"noopener noreferrer\">G\u00f6teborgs universitet<\/a><\/p>\n<p><a href=\"https:\/\/www.medarbetarwebben.lu.se\/sites\/medarbetarwebben.lu.se\/files\/2022-10\/lunds-universtets-anstallningsordning.pdf\" target=\"_blank\" rel=\"noopener noreferrer\">Lunds universitet<\/a><\/p>\n<p><a title=\"AO Stockholm\" href=\"https:\/\/www.su.se\/polopoly_fs\/1.366231.1622735854!\/menu\/standard\/file\/Rev_AOSU2_200218.pdf\" target=\"_blank\" rel=\"noopener noreferrer\">Stockholms universitet<\/a><\/p>\n<p><a title=\"AO Uppsala\" href=\"https:\/\/www.regler.uu.se\/digitalAssets\/92\/c_92570-l_3-k_anstallningsordning-reviderad-20210422.pdf\" target=\"_blank\" rel=\"noopener noreferrer\">Uppsala universitet<\/a><\/p>\n<h1>V\u00e4rdegrund<\/h1>\n<div>\n<p>Vid sidan av de lagar och f\u00f6rordningar som styr de statliga h\u00f6gskolornas verksamhet finns dokument som inte \u00e4r juridiska bindande men som Sverige genom olika mellanstatliga avtal \u00e4nd\u00e5 f\u00f6rbundit sig att f\u00f6lja. Dessa kan s\u00e4gas utg\u00f6ra\u00a0<em>en gemensam v\u00e4rdegrund<\/em>\u00a0f\u00f6r europeisk h\u00f6gre utbildning.<\/p>\n<h2>Europar\u00e5det: Academic Freeedom and University Autonomy<\/h2>\n<p>Europar\u00e5det, en mellanstatlig samarbetsorganisation som s\u00e4rskilt arbetar med demokratifr\u00e5gor och m\u00e4nskliga r\u00e4ttigheter, utf\u00e4rdade 2006 en rekommendation ang\u00e5ende akademisk frihet och universitetens sj\u00e4lvstyre (<a href=\"https:\/\/assembly.coe.int\/nw\/xml\/XRef\/Xref-XML2HTML-en.asp?fileid=17469&amp;lang=en\" target=\"_blank\" rel=\"noopener noreferrer\">Academic Freedom and University Autonomy<\/a>). H\u00e4r betonas exempelvis vikten av att institutioner f\u00f6r h\u00f6gre utbildning kan bedriva sin verksamhet oberoende av politiska, religi\u00f6sa och ekonomiska intressen. Vidare framh\u00e5lls att akademisk frihet ska omfatta<\/p>\n<blockquote><p>freedom of expression and of action, freedom of disseminating information, as well as freedom of unrestricted inquiry in the pursuit and distribution of knowledge and truth (art. 4.1).<\/p><\/blockquote>\n<p>Rapporten etablerar t.o.m. ett samband mellan akademisk frihet och social och ekonomisk stagnation:<\/p>\n<blockquote><p>[H]istory has proven that violations of academic freedom and university autonomy have always resulted in intellectual relapse, and consequently also in social and economic stagnation.<\/p><\/blockquote>\n<p>Medlemsl\u00e4nderna uppmanas att kraftfullt arbeta f\u00f6r akademisk frihet och autonomi \u02eeas a fundamental requirement of any democratic society\u02ee.<\/p>\n<h2>Bolognadeklarationen och Magna Charta<\/h2>\n<p>P\u00e5 Regeringskansliets hemsida beskrivs\u00a0<a href=\"http:\/\/www.ehea.info\/media.ehea.info\/file\/Ministerial_conferences\/02\/8\/1999_Bologna_Declaration_English_553028.pdf\" target=\"_blank\" rel=\"noopener noreferrer\">Bolognadeklarationen<\/a>\u00a0fr\u00e5n 1999 som en \u201dvilje- och ambitionsyttring fr\u00e5n de deltagande l\u00e4nderna\u201d. I dokumentet, som bl.a. beskriver uppdelningen av akademiska studier i en grundl\u00e4ggande och en avancerad niv\u00e5, betygssystem och examensformer, betonas vikten av h\u00f6gre utbildning f\u00f6r utvecklingen av \u201dstable, peaceful and democratic societies\u201d. H\u00e4r h\u00e4nvisas ocks\u00e5 till ett annat dokument,\u00a0<a href=\"https:\/\/www.magna-charta.org\/magna-charta-universitatum\/mcu2020\" target=\"_blank\" rel=\"noopener noreferrer\"><em>Bologna Magna Charta Universitatum<\/em><\/a>\u00a0fr\u00e5n 2020, d\u00e4r principen om akademisk frihet avseende forskning och undervisning (inkluderande universitets autonomi) utg\u00f6r ett viktigt fundament.<\/p>\n<h2>Unesco<\/h2>\n<p>F\u00f6renta nationernas organisation f\u00f6r utbildning, vetenskap och kultur (Unesco) betonar ocks\u00e5 den akademiska friheten i sin\u00a0<a title=\"https:\/\/academicrightswatch.se\/wp-content\/uploads\/2013\/03\/Recommendation-Concerning-the-Status-of-Higher-Education-Teaching-Personnel.pdf\" href=\"https:\/\/academicrightswatch.se\/wp-content\/uploads\/2013\/03\/Recommendation-Concerning-the-Status-of-Higher-Education-Teaching-Personnel.pdf\" target=\"_blank\" rel=\"noopener noreferrer\"><em>Recommendation concerning the Status of Higher-Education Teaching Personnel<\/em><\/a>. I dokumentet har den akademiska friheten och yttrandefriheten en framtr\u00e4dande roll. Bl.a. betonas att,<\/p>\n<blockquote><p>the right to education, teaching and research can only be fully enjoyed in an atmosphere of academic freedom and autonomy for institutions of higher education and that the open communication of findings, hypotheses and opinions lies at the very heart of higher education and provides the strongest guarantee of the accuracy and objectivity of scholarship and research. (Preamble)<\/p><\/blockquote>\n<p>Sj\u00e4lva definitionen av institutioner f\u00f6r h\u00f6gre utbildning innefattar aspekter av \u00e5sikts- och yttrandefrihet. Universitet \u00e4r,<\/p>\n<blockquote><p>communities of scholars preserving, disseminating and expressing freely their opinions on traditional knowledge and culture, and pursuing new knowledge without constriction by prescribed doctrines. The pursuit of new knowledge and its application lie at the heart of the mandate of such institutions of higher education. (III:4)<\/p><\/blockquote>\n<p>Vidare betonas vikten av akademisk frihet, transparens och offentlig insyn:<\/p>\n<blockquote><p>The proper enjoyment of academic freedom and compliance with the duties and responsibilities listed below require the autonomy of institutions of higher education. Autonomy is that degree of self-governance necessary for effective decision making by institutions of higher education regarding their academic work, standards, management and related activities consistent with systems of public accountability, especially in respect of funding provided by the state, and respect for academic freedom and human rights. (IV A:17)<\/p><\/blockquote>\n<p>P\u00e5 institutionsniv\u00e5 framh\u00e5lls vikten av \u201deffective support of academic freedom and fundamental human rights\u201d:<\/p>\n<blockquote><p>Higher-education teaching personnel, like all other groups and individuals, should enjoy those internationally recognized civil, political, social and cultural rights applicable to all citizens. Therefore, all higher-education teaching personnel should enjoy freedom of thought, conscience, religion, expression, assembly and association as well as the right to liberty and security of the person and liberty of movement. They should not be hindered or impeded in exercising their civil rights as citizens, including the right to contribute to social change through freely expressing\u00a0\u00a0their opinion of state policies and of policies affecting higher education. (VI A:25)<\/p><\/blockquote>\n<p>Ett viktigt avsnitt betonar det kollegiala styret och r\u00e4tten att medverka i beslutsprocesser och r\u00e4tten att utan risk f\u00f6r repressalier kritisera verksamheten (VI B).<\/p>\n<blockquote><p>31. Higher-education teaching personnel should have the right and opportunity, without discrimination of any kind, according to their abilities, to take part in the governing bodies and to criticize the functioning of higher education institutions, including their own, while respecting the right of other sections of the academic community to participate, and they should also have the right to elect a majority of representatives to academic bodies within the higher education institution.<\/p>\n<p>32. The principles of collegiality include academic freedom, shared responsibility, the policy of participation of all concerned in internal decision making structures and practices, and the development of consultative mechanisms. Collegial decision-making should encompass decisions regarding the administration and determination of policies of higher education, curricula, research, extension work, the allocation of resources and other related activities, in order to improve academic excellence and quality for the benefit of society at large.<\/p><\/blockquote>\n<h2>Chicagodeklarationen<\/h2>\n<p>Chicagodeklarationen \u00e4r en upps\u00e4ttning v\u00e4gledande principer avsedda att visa ett \u00e5tagande till f\u00f6rm\u00e5n f\u00f6r yttrandefrihet vid amerikanska universitet. Ursprungligen antogs deklarationen av University of Chicago efter en rapport som utf\u00e4rdades av en utsedd kommitt\u00e9 f\u00f6r yttrandefrihet 2014 (<a href=\"https:\/\/academicrightswatch.se\/wp-content\/uploads\/2019\/11\/FOECommitteeReport.pdf\">Report of the Committee on Freedom of Expression<\/a>). De blev k\u00e4nda som &#8221;Chicagodeklarationen&#8221; efter att universitetet engagerade organisationen Foundation for Individual Rights in Education (FIRE) f\u00f6r att leda en kampanj f\u00f6r att uppmuntra andra universitet i hela landet att st\u00e4lla sig bakom deklarationen eller utarbeta sina egna baserade p\u00e5 liknande m\u00e5l.<\/p>\n<p>I april 2019 rapporterade FIRE att 62 amerikanska h\u00f6gskolor och universitet hade &#8221;antagit eller godk\u00e4nt Chicagodeklarationen eller ett v\u00e4sentligen liknande dokument.&#8221; En svensk \u00f6vers\u00e4ttning som kan anv\u00e4ndas \u00a0 f\u00f6r de universitet\/h\u00f6gskolor\/fakulteter\/institutioner som vill st\u00e4lla sig bakom deklarationen finns <a href=\"https:\/\/academicrightswatch.se\/wp-content\/uploads\/2019\/11\/Chicago-deklarationen-svenska.pdf\">h\u00e4r<\/a>.<\/p>\n<\/div>\n","protected":false},"excerpt":{"rendered":"<p>Lagar som styr h\u00f6gskolan Verksamheten vid landets statliga h\u00f6gskolor styrs av ett flertal internationella och nationella konventioner och lagar och f\u00f6rordningar. Europakonventionen N\u00e4r det g\u00e4ller grundl\u00e4ggande fri- och r\u00e4ttigheter \u00e4r\u00a0\u00a0Europeiska konventionen om skydd f\u00f6r de m\u00e4nskliga r\u00e4ttigheterna och de grundl\u00e4ggande &hellip; <a href=\"https:\/\/academicrightswatch.se\/?page_id=31\">Forts\u00e4tt l\u00e4sa <span class=\"meta-nav\">&rarr;<\/span><\/a><\/p>\n","protected":false},"author":1,"featured_media":0,"parent":0,"menu_order":1,"comment_status":"closed","ping_status":"closed","template":"","meta":{"footnotes":""},"class_list":["post-31","page","type-page","status-publish","hentry"],"_links":{"self":[{"href":"https:\/\/academicrightswatch.se\/index.php?rest_route=\/wp\/v2\/pages\/31","targetHints":{"allow":["GET"]}}],"collection":[{"href":"https:\/\/academicrightswatch.se\/index.php?rest_route=\/wp\/v2\/pages"}],"about":[{"href":"https:\/\/academicrightswatch.se\/index.php?rest_route=\/wp\/v2\/types\/page"}],"author":[{"embeddable":true,"href":"https:\/\/academicrightswatch.se\/index.php?rest_route=\/wp\/v2\/users\/1"}],"replies":[{"embeddable":true,"href":"https:\/\/academicrightswatch.se\/index.php?rest_route=%2Fwp%2Fv2%2Fcomments&post=31"}],"version-history":[{"count":52,"href":"https:\/\/academicrightswatch.se\/index.php?rest_route=\/wp\/v2\/pages\/31\/revisions"}],"predecessor-version":[{"id":5183,"href":"https:\/\/academicrightswatch.se\/index.php?rest_route=\/wp\/v2\/pages\/31\/revisions\/5183"}],"wp:attachment":[{"href":"https:\/\/academicrightswatch.se\/index.php?rest_route=%2Fwp%2Fv2%2Fmedia&parent=31"}],"curies":[{"name":"wp","href":"https:\/\/api.w.org\/{rel}","templated":true}]}}